a
In base 8, what is -113443 - -10?
-113433
In base 11, what is 388 - 309?
7a
In base 5, what is 4110334 + -1?
4110333
In base 5, what is 43 - -104013?
104111
In base 11, what is -28 + -106?
-133
In base 2, what is 101111 + 10110000?
11011111
In base 16, what is f - 908?
-8f9
In base 6, what is 5 - 42534?
-42525
In base 7, what is -103423 - 111?
-103534
In base 13, what is 3 - -179b0?
179b3
In base 3, what is -1102021220 - 0?
-1102021220
In base 10, what is -5 + -24959?
-24964
In base 12, what is 101613 + -4?
10160b
In base 4, what is 103230 - 102032?
1132
In base 2, what is -111000001011000 - 1?
-111000001011001
In base 12, what is 1b38b + 17?
1b3a6
In base 3, what is -1110221120 + 10?
-1110221110
In base 2, what is 1011101111000 - -101?
1011101111101
In base 2, what is -10000001110 - 10001000?
-10010010110
In base 13, what is 1887bc - 2?
1887ba
In base 9, what is 1068 - 54?
1014
In base 3, what is 12 - 102120110212?
-102120110200
In base 16, what is -1d20 + -10?
-1d30
In base 12, what is 4 + -a238?
-a234
In base 8, what is 4 - -275310?
275314
In base 8, what is 346127 - 4?
346123
In base 9, what is 4 - -14681?
14685
In base 14, what is 5 + -38927?
-38922
In base 6, what is 1052310 + -2?
1052304
In base 13, what is -1 - -1bc94a?
1bc949
In base 4, what is -201 - 32030?
-32231
In base 9, what is 0 + 233466?
233466
In base 12, what is 7211 - 14?
71b9
In base 16, what is 55 - 78a?
-735
In base 16, what is -1e - 1d9?
-1f7
In base 11, what is 9 + 3242?
3250
In base 4, what is 2003 + -1010303?
-1002300
In base 7, what is -111 + -134534?
-134645
In base 6, what is 4 + -1022423?
-1022415
In base 11, what is -22 + 313?
2a1
In base 16, what is ad - 231?
-184
In base 8, what is 4 - 36631?
-36625
In base 11, what is -2750 - -3?
-2748
In base 11, what is 450 + 98?
538
In base 14, what is 55b + 85?
602
In base 14, what is -44dc8 - 5?
-44dcd
In base 9, what is -3812 - 5?
-3817
In base 15, what is 3e8e5 - -1?
3e8e6
In base 6, what is 12 - 332522?
-332510
In base 12, what is -34a4 - -9?
-3497
In base 9, what is 24274 + 1?
24275
In base 10, what is 3 - -57952?
57955
In base 6, what is 15 + 3320325?
3320344
In base 13, what is -654 + 459?
-1c8
In base 7, what is 12101 - 104?
11664
In base 11, what is 29 + -76402?
-76384
In base 4, what is 2232030 - 220?
2231210
In base 4, what is -331313 + -130?
-332103
In base 5, what is -2 + 1331402?
1331400
In base 8, what is -3 + -25024?
-25027
In base 6, what is -42 + 33425?
33343
In base 6, what is -1015245 - -5?
-1015240
In base 2, what is -11 + 101111000110110?
101111000110011
In base 7, what is -5 - -143050?
143042
In base 4, what is -10031210030 - 0?
-10031210030
In base 6, what is -153 - -34?
-115
In base 3, what is -12 - -201002100022?
201002100010
In base 6, what is -215 - 22450?
-23105
In base 2, what is 100000111 - -1010001001?
1110010000
In base 11, what is 19748 + -2?
19746
In base 2, what is 100100111011111010 - -11?
100100111011111101
In base 12, what is -166b + -161?
-1810
In base 2, what is -10111 + -1101101001101?
-1101101100100
In base 15, what is 64b + 3bb?
a17
In base 3, what is 11121121 - -1110?
11200001
In base 12, what is -365507 - -1?
-365506
In base 9, what is -23766 + 0?
-23766
In base 2, what is 101101011110011 - 1?
101101011110010
In base 3, what is -12 + 1122102210120?
1122102210101
In base 13, what is -21 + -28a1?
-28c2
In base 5, what is -3 - -21104444?
21104441
In base 14, what is 244 - 206?
3c
In base 2, what is -1010101001001010001001 - 10?
-1010101001001010001011
In base 9, what is 5 + -1376148?
-1376143
In base 10, what is 71 + 2868?
2939
In base 16, what is a2eb + -5?
a2e6
In base 7, what is 20165 - -1340?
21535
In base 16, what is -1ba15 + -1e?
-1ba33
In base 15, what is -a762 + -14?
-a776
In base 14, what is 3a2 + -262?
140
In base 11, what is -2 - -aa70?
aa69
In base 4, what is 1013212 - -3003?
1022221
In base 3, what is -12 - 2012101021?
-2012101110
In base 3, what is -12020100 - -2?
-12020021
In base 14, what is 94 + 1518?
15ac
In base 7, what is 1103 + -2502?
-1366
In base 9, what is -2 + -83132?
-83134
In base 3, what is -10111 - -1221112200?
1221102012
In base 16, what is -a - 4d3b?
-4d45
In base 3, what is 1210 - -1011120022?
1011122002
In base 5, what is -1334 + -2003?
-3342
In base 3, what is -10000 + 1011010220?
1011000220
In base 2, what is 101101011 + 101001101?
1010111000
In base 15, what is 1261 + 9?
126a
In base 8, what is -1126154 + 7?
-1126145
In base 16, what is -4bb + 3e0?
-db
In base 6, what is 1431 + -23003?
-21132
In base 11, what is 3 + -31894?
-31891
In base 11, what is a2259 + 3?
a2261
In base 12, what is -135 + 9b5?
880
In base 10, what is -244 + -2553?
-2797
In base 3, what is -2 + -11012200110?
-11012200112
In base 14, what is -2 - -48bb?
48b9
In base 10, what is 0 - 87452?
-87452
In base 7, what is 3264614 + 1?
3264615
In base 12, what is -750b - -5?
-7506
In base 7, what is -23043 + 2?
-23041
In base 6, what is 4 + -11121?
-11113
In base 10, what is -59 - 6884?
-6943
In base 15, what is -293ac - -3?
-293a9
In base 3, what is -202211 + -11001?
-220212
In base 7, what is 36253 + -1042?
35211
In base 4, what is 20302 + -2320?
11322
In base 12, what is -868 + 39?
-82b
In base 3, what is -2101211 + 1002?
-2100202
In base 16, what is -d0d26 - 0?
-d0d26
In base 9, what is -501 + 78?
-412
In base 15, what is -171aa1 - 3?
-171aa4
In base 12, what is -2 - 4814?
-4816
In base 15, what is -1570 - -291?
-12ce
In base 11, what is -23 - -16693?
16670
In base 2, what is 1000101101 + -11100?
1000010001
In base 13, what is 744a3 + -11?
74492
In base 11, what is -579 - -19?
-560
In base 10, what is 3 + -34511?
-34508
In base 3, what is -2020100 - 111?
-2020211
In base 2, what is -1010111011011110101 - 101?
-1010111011011111010
In base 11, what is -5 + 157454?
15744a
In base 9, what is 1061 + 466?
1537
In base 7, what is 26 + -121024?
-120665
In base 5, what is -1411212 + 1200?
-1410012
In base 12, what is -6990a0 - -5?
-699097
In base 12, what is 4b7 - -5?
500
In base 11, what is -3788a - -a?
-37880
In base 5, what is 31 - -24422?
30003
In base 3, what is -2200110120 + 1202?
-2200101211
In base 14, what is 3 - -1c248?
1c24b
In base 5, what is 10024032 - 3?
10024024
In base 7, what is 2546 + 101?
2650
In base 13, what is 0 - -b944?
b944
In base 7, what is 1046 - 20?
1026
In base 4, what is 13210310 + 2?
13210312
In base 9, what is 32635 + 28?
32664
In base 6, what is 1533224 - 20?
1533204
In base 8, what is -4 + -23221?
-23225
In base 9, what is -1 - 2362?
-2363
In base 4, what is -102310122 + 2?
-102310120
In base 5, what is -1 - 13424404?
-13424410
In base 9, what is -521 - -418?
-102
In base 11, what is -23a806 + 1?
-23a805
In base 13, what is -3398c + 3?
-33989
In base 12, what is -20228 - -10?
-20218
In base 2, what is -100111000 + 1100100?
-11010100
In base 9, what is -3116 - 186?
-3313
In base 4, what is 31201 - -332?
32133
In base 5, what is -2 - 32333410?
-32333412
In base 5, what is -1 + 204033?
204032
In base 13, what is 1 + 10891?
10892
In base 2, what is -10 - -1110001011100111?
1110001011100101
In base 4, what is 110212031 + 1?
110212032
In base 6, what is -105254 - -2?
-105252
In base 13, what is -198 + 351?
186
In base 8, what is 16 - 233550?
-233532
In base 11, what is -27a82 - -11?
-27a71
In base 6, what is -3222 - 244?
-3510
In base 10, what is 72 + -59902?
-59830
In base 8, what is -7337161 + 5?
-7337154
In base 3, what is 20 + -1010210001?
-1010202211
In base 9, what is -10 + 57672?
57662
In base 8, what is 2175 - 1164?
1011
In base 5, what is 10 + 1414433?
1414443
In base 10, what is -70 + -3188?
-3258
In base 2, what is 11001011101010010 - -11?
11001011101010101
In base 11, what is -5 + -16456?
-16460
In base 12, what is 21925 + 2?
21927
In base 13, what is 1 + -6ca2?
-6ca1
In base 7, what is 11262 + 142?
11434
In base 2, what is 1 - -100101011100001101?
100101011100001110
In base 14, what is -1b - -775?
758
In base 9, what is -833128 - -4?
-833124
In base 6, what is -1050 - 103?
-1153
In base 9, what is -245 - -5656?
5411
In base 3, what is -11101201200 + -10?
-11101201210
In base 6, what is 11455 - -1235?
13134
In base 2, what is 100 + 10100001011101110?
10100001011110010
In base 10, what is 6452 - 1?
6451
In base 11, what is -74 + -44977?
-44a40